3 - 9*d**2 - 9*d - 4. Determine t(b).
4
Let z = 545 + -541. Let f(d) = -d**2 + 31 - 6 - 9 - 12 - z*d. Give f(-5).
-1
Let y(g) = 24*g + 23. Let v(o) = -11*o - 11. Let d(q) = 13*v(q) + 6*y(q). Suppose -42*f + 40 = -37*f. Determine d(f).
3
Suppose -2*j = 3*u + 5, 28*j + 5*u = 23*j. Let y be 288/72*(-1 - j*-1). Let r(m) = -m**2 + 17*m - 17. What is r(y)?
-1
Suppose -1440*c = -1429*c - 429. Suppose 32 = -c*y + 23*y. Let k(w) = -w**3 + w**2 + 2*w + 1. Calculate k(y).
9
Let w(o) = -o**3 - o**2 + o + 10. Let d be w(0). Suppose d*y = 8*y - 14. Let g(b) be the first derivative of b**4/4 + 2*b**3 - 7*b**2/2 + 4*b + 36. Give g(y).
4
Let u(a) be the third derivative of 3*a**4/4 + a**3/6 - 915*a**2. What is u(1)?
19
Let o(t) = t**3 + 3*t**2 - 4*t - 3. Suppose 4*d + 4 = 0, 4*s + 2*d - 57 = 7*d. Let u = 6 - s. Let m(g) = -g - 11. Let f be m(u). What is o(f)?
-3
Let a(r) = -54 + 14*r**2 + 23*r**2 + 21*r - 39*r**2. Give a(7).
-5
Let u(b) = b**3 + 0*b + 22*b**2 + b**3 + 6 - 9*b**2 - 10*b - 17*b**2. Let k be u(3). Let n(q) = q**3 + 8*q**2 + 7*q - 5. What is n(k)?
25
Suppose 31*o - 24928 = -24990. Let c(j) = 2*j**3 - 6*j**2 + 2*j - 4. Let m(r) = 3*r**3 - 11*r**2 + 3*r - 7. Let d(h) = 5*c(h) - 3*m(h). What is d(o)?
3
Suppose -4*c + 13 = 2*u + 3, -2*c = 4*u - 2. Let s be u/8 + 234/(-48). Let w(m) be the first derivative of -m**4/4 - 2*m**3 - 3*m**2/2 - m + 1. Give w(s).
-11
Let d(g) = 3*g + 46. Suppose 0 = -223*x + 211*x - 192. Calculate d(x).
-2
Let c(g) = 6 - 1 - 2*g**2 - 862*g**3 + 433*g**3 + 437*g**3 - 4*g. What is c(2)?
53
Suppose 25*d - 5*z = 26*d - 54, 23 = -d + 2*z. Let y(h) be the second derivative of h**5/5 + h**3/3 + h**2/2 + 2*h. Give y(d).
-5
Let r(v) = -v**2 - 2*v + 120. Let b be r(-12). Suppose -2*o - 3 = 5*m - 2, b = -5*m + 5. Let g(y) = y**2 + 3 + 7*y - 2 - 4*y - y. What is g(o)?
4
Let y be (1 + 1 + 162/6)*-1. Let g(r) = -r**2 - 28*r + 32. Let n be g(y). Suppose n*h = 137 - 158. Let w(a) = a**2 + 9*a + 8. What is w(h)?
-6
Let c(g) be the third derivative of g**6/120 + 2*g**5/15 - 5*g**4/12 - g**3/3 - 466*g**2. Suppose 2*j + y = -17, 0*y + 3*y = -5*j - 42. What is c(j)?
7
Let y(u) be the second derivative of -u**4/24 - u**3/6 + 54*u**2 - 103*u. Let n(b) be the first derivative of y(b). Calculate n(-3).
2
Let i(c) be the first derivative of c**3/3 + 4*c**2 + 13*c - 1287. Give i(-3).
-2
Let j(h) = -51*h - 201. Let l be j(-4). Let v(x) = l*x - 374 - 8*x + 190 + 183. Suppose 5*n - t - 6 = -2*t, -7 = -3*n - 4*t. Determine v(n).
-6
Let m(q) be the third derivative of 0 + 13/60*q**5 - 1/24*q**4 + 1/120*q**6 + 0*q - 1/2*q**3 - 24*q**2. Determine m(-13).
10
Let d(n) be the third derivative of -n**5/30 + n**4/8 + n**3/3 + 1107*n**2. Determine d(3).
-7
Let j(s) = -11*s**3 - 5*s**2 - 3*s + 4. Let v(w) = 2*w**3 - 4 + 3 + 2*w**2 - 2*w**3 + 4*w**3 + w. Let d(h) = -3*j(h) - 8*v(h). Give d(0).
-4
Let l(n) = -4*n**3 + 7*n**2 - 4*n - 4. Let k be (-2 - (-56)/35)/((-17)/170). Give l(k).
-164
Let a(g) = -7*g**2 - 17*g - 9. Suppose -h = -119*k + 118*k + 10, h + k = 0. Give a(h).
-99
Suppose -4*k + 17 + 7 = 0. Let x(h) = -44 - 39 - 43 + 170 - h - 41. Determine x(k).
-3
Let g(a) = 3*a**3 - 8*a**2 + 4*a + 1. Let p(j) = 4*j**2 - 436*j + 435. Let s be p(1). Determine g(s).
22
Let b be ((-2)/3)/(6/450). Let y = b + 56. Suppose y*n - 7*n = -2. Let t(f) = -f**3 + 2*f**2 - 2*f + 1. Calculate t(n).
-3
Suppose -9 = -3*a - 5*k, -3*a = -170*k + 169*k - 27. Let v(t) = t**3 - 7*t**2 - 6*t + 7. Determine v(a).
23
Let u(q) = -14*q + 1. Let i(v) = -v**3 + 5*v**2 - v + 7. Let p(g) = -g**2 - 7*g + 83. Let h be p(-13). Let r be i(h). Calculate u(r).
-27
Let t = -6 + 11. Suppose -42 = -13*d - 3. Let a(p) = d*p + 6 + 18*p**2 - 2 - 19*p**2. Calculate a(t).
-6
Let v(d) = d**2 - 2*d - 13. Suppose 143*u - 609 = -1610. What is v(u)?
50
Suppose 3*d - 3 = 3. Let k(i) be the third derivative of -i**4/3 + i**3/3 + 1202*i**2. Give k(d).
-14
Let k(l) be the first derivative of 7103*l**2 + 44 - 7093*l**2 + 3*l - 2*l. Determine k(-1).
-19
Suppose 7*k - 2587 + 410 = 0. Let c = k - 314. Let m(j) = 7*j - 5 - 1 + 3. Calculate m(c).
-24
Let j(n) = -35 - n - n**3 + 6*n**2 - 6*n**3 + 6*n**3 + 37. Calculate j(5).
22
Let o(p) = 2*p - 4. Let l(c) = -c - 2. Let i be 6/(-2) + 22/(-22). Let w be l(i). Suppose w*h + 4 + 4 = -4*x, 4 = -2*h - 3*x. What is o(h)?
4
Let z(k) be the third derivative of -k**6/240 + k**5/40 + 23*k**4/8 + k**3/3 - 87*k**2. Let g(u) be the second derivative of z(u). Let o = -1 + 3. What is g(o)?
-3
Let w = -2 - 4. Let i(b) = -3*b - 7. Let v(h) = -7*h - 15. Let t(y) = -y**3 - 10*y**2 - 9*y + 9. Let a be t(-9). Let k(z) = a*i(z) - 4*v(z). Calculate k(w).
-9
Let j(a) = 2*a**2 + 9*a - 12. Let l be 12/(108/(-15))*3. What is j(l)?
-7
Suppose 0 = 3*p - 329 - 157. Let u = -357 - -378. Let z be 6/u + p/21. Let y(j) = 2*j - 7. Give y(z).
9
Let g(c) be the third derivative of 1/2*c**3 - 1/12*c**4 + 56*c**2 + 2*c - 1/60*c**5 + 0. Determine g(-4).
-5
Suppose 3*j - 3*o + 4691 = 4*j, 0 = -3*j - 5*o + 14085. Let g(b) = 2341 - b - j + 2348. What is g(0)?
-11
Suppose -5*x - 4*x = -3*x. Let s(i) = 2*i. Let n(k) = -9*k - 4. Let f(t) = -n(t) - 5*s(t). Determine f(x).
4
Let t(c) = 5*c**3 + 19*c**2 - 5*c + 2. Let v(i) = -13*i**3 - 51*i**2 + 13*i - 5. Let n(d) = 8*t(d) + 3*v(d). Let j be -1*(3 - 1)/(-2). Calculate n(j).
0
Let d(u) be the second derivative of -u**5/20 - u**4 - 8*u**3/3 - 9*u**2/2 - 9840*u. Calculate d(-11).
46
Let g(m) = 241*m - 483*m - 5 + 238*m. Let q(o) = o**2 + o + 1. Let z be q(0). Let v be ((-7)/21)/(z/15). Determine g(v).
15
Let u(f) be the third derivative of f**5/15 - 31*f**4/24 - f**3/3 - 45*f**2. Let z be u(8). Let t(c) = c - 11. Give t(z).
-5
Suppose 18*z - 7*z + 22 = 0. Let o(t) be the second derivative of -t**3/3 - t**2/2 + 2*t. What is o(z)?
3
Suppose 4 = -3*i + 16. Let y = 1057 + -1063. Let q be (y/i)/((-3)/(-1))*-10. Let a(p) = p**2 - 5*p - 4. What is a(q)?
-4
Suppose -23*m - 97*m + 1080 = 0. Let s(r) = 2*r - 20. Give s(m).
-2
Let t be 1 - (0 + 1) - (108 + -104). Let b(k) be the second derivative of 0 - 1/4*k**4 + 3*k**2 + k - 1/20*k**5 + 7/6*k**3. Determine b(t).
-6
Suppose -5*c + 17 = -4*q, -9 + 2 = 4*q - 3*c. Let s(x) = 647*x**q + x - 2 + 1 - 646*x**2. What is s(2)?
5
Let y = -3058 - -3036. Let h(u) = u**3 + 23*u**2 + 23*u + 47. Determine h(y).
25
Let d(a) = -a**3 + 6*a**2 - 4*a + 6. Let b be d(5). Let c(m) = 1489 - 18*m + 7*m + 1480 - 2955 + m**3 - 9*m**2 - m**2. Give c(b).
14
Let i(v) = -82*v - 12*v**2 + 24*v**2 - 5 + 27*v - v**2. Determine i(5).
-5
Suppose -12*d + 6 = -9*d. Let p(z) = -1 - 2*z**2 + 0*z**d + 71*z - 76*z. What is p(-5)?
-26
Let u(t) = -18*t - 11. Let z = 10447 + -10449. What is u(z)?
25
Let m(z) = -z - 5 + 0 + 2. Suppose -l + 237 = 4*t, 0 = 3*t - 2*l - 226 + 40. Suppose -10 = -58*u + t*u. What is m(u)?
2
Let i = 4130 - 4128. Let w(a) be the third derivative of 0*a - 1/60*a**5 + 3*a**i + 7/24*a**4 + 0 + 0*a**3. Determine w(6).
6
Suppose -y = k - 5, 5*k - 32*y = -33*y + 21. Let t(p) = -p**2 - 6*p + 1. Calculate t(k).
-39
Let y(m) = -m + 1. Let h(n) = 5. Let v(w) = h(w) - 3*y(w). Let q(d) = 2*d**2 - 12*d - 13. Let p be q(7). Let i = -7 + p. Give v(i).
-16
Let k(i) = i - 12. Let g be 5/((-201)/(-234) + (-8)/12). Determine k(g).
14
Let q(m) = m + 2. Let s(t) = -t**3 + 2*t**2 + 6*t + 3. Let a = -178 - -176. Let z be s(a). What is q(z)?
9
Suppose -3*r = -5*f - 221, 4*f - 235 = -3*r + 2*f. Let i(s) = 4*s + s + 64 - r - 4*s. Give i(9).
-4
Let g(z) = -10*z + 7*z + 1152 - z**2 - 1130. Determine g(-6).
4
Let u(s) = s**3 + 2157*s + 8 - 2151*s + 3*s**2 + 4*s**2. Let v = -257 - -251. Calculate u(v).
8
Suppose 32*c - 81 = 5*c. Let x(f) = -3*f**3 - 4*f**c + f**3 + 5 + 5*f**3. Calculate x(0).
5
Let t(g) be the third derivative of -g**5/120 - g**4/24 + 11*g**3/3 - 42*g**2. Let p(r) be the first derivative of t(r). What is p(3)?
-4
Let d be ((-22)/(-11))/(-3 + 37/13). Let c(q) = -6*q - 82. Let x be c(d). Let t(w) = -w**2 - 3*w. Give t(x).
-4
Let b(x) be the third derivative of -13/24*x**4 + x**2 + 0 + 1/6*x**3 + 68*x. Give b(-1).
14
Let l be -1 + 1/((-3)/(-12)). Let v(f) = -3 - 6*f - 5 + 2 + 0*f**2 - f**l - 6*f**2. Let x be ((-9)/6)/((-6)/(-20)). What is v(x)?
-1
Let s(i) = i**3 - 6*i**2 + 9*i - 5. Let r = -343 + 347. Let m be s(r). Let l(o) = 18*o**3 - 2*o**2 + 1. What is l(m)?
-19
